
2, 5
Let j be 0 - -4 - 3 - (-1)/1. Suppose -121 - 45 = -2*g - 2*n, -j*n - 89 = -g. What are the prime factors of g?
5, 17
Suppose 0 = -2*q - 353 - 355. Let p = 542 + q. Suppose 120 = 3*n + 2*x - p, -n - 2*x = -96. List the prime factors of n.
2, 53
Let f = 3500 - 3500. Let d(w) = 60 - w + 9 + 6*w. What are the prime factors of d(f)?
3, 23
Let c = 2986 - -10200. What are the prime factors of c?
2, 19, 347
Suppose -4*b + 5*b - 2 = 0. Let u be b/((-9)/6 - -2). Suppose 0*t + 3*t - 191 = 2*y, 3*t - u*y - 187 = 0. List the prime factors of t.
5, 13
Let d = 135 - 130. Suppose -5*k = -3*s + 3739, d*k = -1 - 24. What are the prime factors of s?
2, 619
Suppose 0*i - 5*i = -65. Let d be (-2)/(-13) - (-37)/i. Suppose d*v - 213 = -0*v. What are the prime factors of v?
71
Let y be (-2)/8 - -30*28/32. Let v = y + -22. Let f(t) = 2*t**3 - 3*t**2 - 6*t + 4. List the prime factors of f(v).
2, 3, 5
Suppose -4*u - 144 + 556 = 0. Suppose -2 = -l, -l - 3*l = 4*i - 60. Suppose 0 = 4*k - 4*n - i - 163, 5*n + u = 2*k. What are the prime factors of k?
3, 13
Let f(l) = 14*l**2 - 8. Let x be f(-3). Suppose x = 5*s - 32. What are the prime factors of s?
2, 3, 5
Suppose -22*q = -5*z - 21*q + 53386, -q - 32034 = -3*z. What are the prime factors of z?
2, 17, 157
Let w = 11932 + 9461. What are the prime factors of w?
3, 2377
Suppose z + 0*z = 4*s + 19, -4*s = -3*z + 49. Let q = z + -1. List the prime factors of (-1779)/(-21) - (-4)/q.
5, 17
Let d(s) = 445*s**2 - 2*s + 3. Let t be ((-10)/(-50))/((-2)/(-10)). Let z be d(t). Suppose 4*b + 146 = z. What are the prime factors of b?
3, 5
Let b(f) = 46*f - 176. Let i be (69/(-6))/((-17)/34). List the prime factors of b(i).
2, 3, 7
Suppose 0 = -39*d + 36*d - t + 1702, 15 = -3*t. Suppose n - 113 = -14*l + 15*l, -5*n = -4*l - d. What are the prime factors of n?
3, 13
What are the prime factors of 148/((441/612)/49)?
2, 17, 37
Let f(c) = 2*c**2 + 6*c - 4. Let r be f(-4). Suppose -r*t = 28*s - 27*s - 231, 0 = -t - 4. What are the prime factors of s?
13, 19
Suppose 3*r = -14*j + 16*j + 2, 4*j = 5*r - 2. Let n(m) = 625*m - 24. What are the prime factors of n(j)?
2, 613
Let m be (1 + -2)*(-1 - 3). Let b be 5/(-10) - m/(-8). Let f = b + 92. List the prime factors of f.
2, 23
Suppose 0 = a + 1 - 11. Let p be -4 + (a - 0) + -3. Suppose 88 = p*b + 4*m, b - 4*m - 8 = 48. List the prime factors of b.
2, 3
What are the prime factors of (3368/64)/((-6)/(-144))?
3, 421
Let b(t) = 15*t + 1191. What are the prime factors of b(-18)?
3, 307
Let a(h) = -h**2 - 45*h - 111. Let p = -312 - -283. List the prime factors of a(p).
353
Suppose 341 = 5*a + 821. Let j = -46 - a. What are the prime factors of 1024/10 - 20/j?
2, 3, 17
Let l = 9 - 39. What are the prime factors of (3/(-21) + 459/(-315))*l?
2, 3
Let a(i) = 2*i**3 - 3*i**2 - 2*i. Let p be a(3). Let v = p - 4. Suppose 18*n - v*n - 79 = 0. List the prime factors of n.
79
Suppose -155 = 4*c - 211. Suppose 0 = 7*f - c*f + 3346. List the prime factors of f.
2, 239
Suppose 10 = 2*q, 5*h - 24*q + 23*q = 167095. List the prime factors of h.
2, 3, 5, 557
Suppose -s + 915 = -5*f, 0*f + 2*s = 3*f + 549. What are the prime factors of (-65)/91 - f/21?
2
Suppose 7*l + 92 = -13. What are the prime factors of ((-25170)/l)/((-8)/(-4))?
839
Let r = 26495 - 14104. List the prime factors of r.
12391
Let s(k) = -k**3 + 52*k**2 + 58*k + 313. What are the prime factors of s(47)?
2, 7, 503
List the prime factors of (96112/14)/(766/2681).
2, 6007
Suppose -4*j = -5*j + 95. Let u = 92 - j. List the prime factors of u/(-4) + (-8050)/(-40).
2, 101
Let u(q) = 8*q**2 - 4*q - 2. Let w be u(-2). Let j = 42 - w. Suppose -j*s - 12 = -80. What are the prime factors of s?
17
Suppose -2892 + 632 = -20*i. Let n = i - 110. List the prime factors of n.
3
Suppose 41*q - 47*q - 756 = -18*q. List the prime factors of q.
3, 7
Let c = -694 + 966. Suppose c = 3*v - 1798. List the prime factors of v.
2, 3, 5, 23
Let o(k) = -k**3 + 11*k**2 + 2*k - 17. Let g be o(11). Suppose 0 = h + h, g*h + 10 = -5*w. What are the prime factors of 5 - (-1 + 7)/(3/w)?
3
Suppose -73*v - 40*v = 11*v - 1201064. List the prime factors of v.
2, 29, 167
Let j = -172 - -740. Let u = j - 200. Suppose -4*l = -3*a - u, 0 = -0*l - 3*l - 2*a + 293. What are the prime factors of l?
5, 19
Let y be 1 + 11/(-9) + 646/153. Suppose -y*x + 272 = 4*k, 2*x + 116 = 2*k - 0*x. List the prime factors of k.
3, 7
Let l(y) = -y**2 + 18*y**2 - 7*y**2 + 3*y**3 - 4 - 13*y. What are the prime factors of l(5)?
2, 139
Let k = 50 - 47. Suppose -13*r + 303 = k*o - 10*r, -4*o = -r - 419. List the prime factors of o.
2, 13
Let w = 1812 + 1380. Suppose 2*u = -5*c - 2*u + 7980, 0 = -2*c + 4*u + w. Suppose 321 = -5*k + c. What are the prime factors of k?
3, 5, 17
Let w(f) = 6*f**2 - 17*f + 36. Let n(t) = -t**2 + t + 1. Let a(y) = 2*n(y) + w(y). Let p be a(8). Let l = p + -95. List the prime factors of l.
79
Let p be (-950)/(-12) - 11/66. Suppose x - 80 = -2*k, -11*x + p = -10*x + k. What are the prime factors of x?
2, 3, 13
Let v(z) = -4*z**3 - 16*z**2 - 12*z - 111. What are the prime factors of v(-13)?
3, 227
What are the prime factors of (323/57)/(-1 - ((-8294)/4146 + 1))?
17, 691
Let x = 6920 + 25641. What are the prime factors of x?
32561
Suppose 7*o + 6 = 48. Suppose 0*d = -o*d - 18. What are the prime factors of 35*(d - (-74)/10)?
2, 7, 11
Let g = -47 - -52. Suppose 1120 = 5*n - g*s, -3*n + 5*s = -6*n + 688. What are the prime factors of n?
2, 113
Suppose o + 5*z + 0*z = 10, 0 = -z + 1. Let u(a) be the third derivative of 3*a**4/8 + a**3/6 + 85*a**2. What are the prime factors of u(o)?
2, 23
Suppose 12*j - 20*j = 24. What are the prime factors of 4/12*296 + (-1)/j?
3, 11
Let l = 21 + 34. What are the prime factors of (1148/205)/(1/l)?
2, 7, 11
Let x = 330 + -210. Suppose 4*z - 190 = 2*y, y = 2*y + 3*z + x. Let w = 188 + y. What are the prime factors of w?
83
Let a be (4/(-7))/((-10)/35). Suppose -2*c = a*l - 202, 372 = 4*c + l - 5*l. List the prime factors of c.
97
Suppose -7*c + 27 = 6. What are the prime factors of 68/(-51)*(c + -285)?
2, 47
Let t = 75 - 66. Let o be 33464/t - (-4)/(-18). List the prime factors of (o/(-78))/(0 - (-1)/(-3)).
11, 13
Let p(i) = -i**3 - 5*i**2 - 8*i - 12. Let h be p(-4). What are the prime factors of (-32)/24*(-2586)/h?
2, 431
Suppose -149 = -3*u + 4. List the prime factors of (-336)/(-2) + u/17.
3, 19
Let s = -810 - -434. Let t = 661 + s. List the prime factors of t.
3, 5, 19
Let y = 22351 + -12077. What are the prime factors of y?
2, 11, 467
Suppose 5*o - 73 = 12. Let s(k) = -o - 8*k**2 + 14*k**2 - 7*k**2 - 18*k - k. What are the prime factors of s(-16)?
31
Let w = -9627 + 13497. List the prime factors of w.
2, 3, 5, 43
Let g be 4*4/16 + 2. Suppose -6*h + 3*h + 201 = 3*q, q - 5*h = 61. List the prime factors of (1 - 1 - g) + 17 + q.
2, 5
Let u(r) = -15*r**3 - 19*r**2 + 39*r - 49. List the prime factors of u(-15).
2, 11, 1039
Suppose 9*b - 4 = 41. Suppose -3*z + 878 = -z - 2*o, 2240 = b*z + 4*o. What are the prime factors of z?
2, 3, 37
Let i(j) = j**2 - 6*j - 8. Let r be i(7). Let o be r*(-3)/((-15)/(-430)). Suppose 15 = -3*z, s = 3*s + 4*z - o. What are the prime factors of s?
53
List the prime factors of ((-125)/75 - -12)/(1 - 70/72).
2, 3, 31
Suppose y + 3*t = 31, 5*t + 74 = -y + 109. Let x(r) = -r**3 + 4*r**2 + r - 4. Let v be x(4). Suppose v = 2*q - 467 + y. List the prime factors of q.
13, 17
Suppose -5733 = -5*p + 5*s + 3727, p - 1902 = -4*s. List the prime factors of p.
2, 947
Let v be (1 + 17)/(-2) - -32710. Suppose -44*j + 6855 + v = 0. List the prime factors of j.
29, 31
Let d = 469 + 944. List the prime factors of (d/12)/(2/((-160)/(-15))).
2, 157
Let x(t) = t**2 + t - 19. Let r be x(6). Suppose 0 = -18*v + r*v - 2660. What are the prime factors of v?
2, 7, 19
Let b(v) = -v**2 - 15*v + 38. Let z be b(-16). Suppose 0 = j + 4 + 34. Let a = z - j. What are the prime factors of a?
2, 3, 5
Suppose -156*g + 161*g = -2*n + 57177, 5*n - 142968 = -4*g. List the prime factors of n.
2, 3, 2383
Let j = 102 - 110. Let u(n) = -58*n + 8. Let m be u(j). Suppose 0 = -2*g - 4*x + 226, -4*g = -x + 4*x - m. What are the prime factors of g?
11
Suppose 0 = 3*r - 5*z + 67, -3*z - 96 = 4*r - 8*z. Suppose 3*b - 14 = h + 63, 2*b = 0. Let u = r - h. What are the prime factors